 + 0))?
30
47 + 60 + -41 + -74
-8
(-7 - (3 + -8 - 0)) + 8
6
Evaluate 9 + (18 - (-5 + 24)).
8
(19 - 1) + (113 - 132)
-1
What is 3 - (1 - 5 - (-6 + -6 + 14))?
9
What is 6 + (-5 + 8 + 4 + 0 - -1)?
14
Evaluate -9 + 4 + (23 - 17) + -1 + 2.
2
Calculate (-8 + 3 - 42) + 25.
-22
What is the value of -171 + 209 - (-5 - (-1 + -9))?
33
Calculate -2 - (8 - (6 + -5 - 2)).
-11
What is the value of 2 + -7 - 5 - (-28 + 42)?
-24
What is -3 - -9 - (7 + -9 - -9)?
-1
Calculate (1 - -4) + -1 + -7 + -2 + 12.
7
What is the value of -26 + (4 - 9 - (58 - 68))?
-21
What is the value of 4 - (-11 + -4 + 15 + 15)?
-11
Evaluate 34 + 11 + -26 + 3 + -3.
19
Evaluate -1 + 4 + (20 - (-7 + 0 - -24)).
6
Calculate -23 + 29 + -3 + 1 + -18.
-14
What is the value of -6 - (2 - ((-7 - -11) + 8))?
4
(26 - 16) + 1 - 23
-12
Evaluate (13 + -2 - -9) + -6.
14
-19 + (-26 - -12 - (-20 - 2))
-11
(8 - (-2 - -17)) + (-8 - -3)
-12
43 + 12 + 12 + -51
16
Evaluate 0 + (12 - 0) - (-8 + 7).
13
(-150 - -131) + 39 + -2
18
(11 - (15 + 1 + -9)) + -10
-6
What is the value of 27 + -88 + 42 - -6?
-13
(-2 - (-2 + 3)) + (-4 + -1 - 7)
-15
What is the value of (-3 - 1) + 10 + 4 - 15?
-5
Calculate (22 - 32) + (-9 - (2 + -8)).
-13
Evaluate -8 + 18 + (5 - (9 - 2)).
8
-13 + (15 + -16 + 1 - (0 - 1))
-12
What is 13 - (16 + -16 + 12)?
1
-2 + -7 - (-21 + (7 - -3))
2
Evaluate -21 + (8 - -1) - (35 - 40).
-7
Calculate -4 + 7 + -3 + (-12 - (-18 - -39)).
-33
What is -5 - -1 - (41 + (-55 - -28))?
-18
(-6 - (23 + -15)) + 1
-13
What is the value of (71 - 56 - (-3 + -3)) + (-10 - 0)?
11
Evaluate (0 + 7 - (-25 - -20)) + (-3 - 1).
8
(1 + -9 - 8) + 3 + 5 + 1
-7
What is 1 + -13 + 12 + 13 - (-2 + 6)?
9
What is the value of 5 - (1 - -45) - (-10 - (5 + -7))?
-33
Evaluate 0 + (-1 - 6 - -22).
15
16 + -10 + 9 - 30
-15
What is 8 + (7 - 15) + -11 - -20 - 34?
-25
What is (7 - (-19 + 7)) + -17 + -32?
-30
0 + -11 + -14 + (16 - (5 + -1))
-13
Calculate (2 - (-3 + 9)) + 17 + (-49 - -75).
39
What is the value of 1 - 27 - (-8 - (12 - (-2 + 16)))?
-20
Evaluate 10 + -25 + (-20 - -24).
-11
(-10 - (8 + -29)) + -13 + 21
19
Evaluate -1 + 1 + (63 + -53 - 12).
-2
What is the value of (-5 - (-3 + 6 - 2)) + (-31 - -38)?
1
Evaluate 7 - ((-1 - 2) + -4 + -10 + 19).
5
Evaluate 15 + 15 + -18 + -17.
-5
Evaluate -31 + 2 - (670 + -694).
-5
-1 + 2 + -9 + 16 + -3
5
What is -6 - (4 + -18 + (0 - (1 - -3)))?
12
(-44 - (10 + -42)) + (-16 - 3)
-31
6 + (-11 - -8) - (-1 - 0) - 26
-22
Evaluate (2 - -1) + -3 + (-10 - -5) + 18.
13
What is the value of (-22 - (-18 - -21)) + 32?
7
Evaluate (-9 - -14 - -4 - 7) + 6 + 3.
11
Calculate (-704 - -694) + 1 + 16.
7
Calculate 268 + -260 + (1 + 0 - (2 - -6)).
1
What is 35 + (-20 - 13) - -4?
6
What is 0 + -24 + 214 + -202?
-12
Evaluate -10 - (5 + (0 - 4)).
-11
-18 + -25 + (57 - 34)
-20
What is 53 - 28 - (0 + 8) - -18?
35
Calculate (-58 - -63) + -1 + -6 - 4.
-6
What is -8 + (16 - (29 + -18)) + (-3 - -1)?
-5
Calculate 2 + -7 - (2 + -10 + (258 - 252)).
-3
What is the value of (2 - -1 - (-60 + 64)) + -10?
-11
What is the value of 14 + -22 + (-17 - -1)?
-24
Calculate 28 - 59 - -1 - -26.
-4
What is the value of (3 - 7) + 18 - 5 - 6?
3
6 - (-16 + (26 - 19))
15
Calculate 3 + -6 + 3 + (23 + -5 - 14).
4
What is 11 + (-3 + -1 + 14 - 14)?
7
16 - 1 - (8 + 25)
-18
What is -19 + -6 + -9 + 54?
20
What is (-27 - 0) + (-1807 - -1818)?
-16
Evaluate 1 + -5 + -12 + 20 - 3.
1
Evaluate 7 - (-51 + 47 + (-2 - -14) + -10).
9
What is the value of -2 + (2 - 10 - -5) - (6 - 1)?
-10
What is the value of (1 + 2 - (7 - (0 - -2))) + 1?
-1
What is -6 + 19 + -5 + -5?
3
What is -9 + -2 + (2 - (0 - 6))?
-3
What is (-20 - -2) + 215 + -205?
-8
Evaluate 32 + 2 - (-65 - -130).
-31
Evaluate 20 - (14 + -3) - 19.
-10
What is -21 - -66 - 39 - (-11 + 0)?
17
What is the value of -36 + (-5 - -36) - ((0 - 2) + -1)?
-2
Calculate -4 + 17 + 1 + 52 + -57.
9
What is the value of 1 - ((-29 - -23) + (-3 - -8))?
2
21 - 2 - ((34 - 0) + -11)
-4
What is 9 + (1 - -2) + 7 + 11 + -19?
11
What is (-7 - 1) + 12 - (-1 - 6)?
11
Evaluate 377 + -398 + 0 + -3.
-24
What is 9 + 3 + (-6 - 11)?
-5
Calculate (-31 - -13) + -14 - 2.
-34
What is the value of 4 + 0 + -49 + 24?
-21
6 + (-6 - (-1 + 0 - -5)) + 6
2
What is -7 - ((-28 - -6) + -1)?
16
Calculate 3 - 6 - (55 - 61).
3
What is the value of -7 - ((-10 - -1) + -37 + 38)?
1
What is the value of 21 - (-16 - -31 - -13)?
-7
Calculate (-3 - -4) + 2 - (0 + 9 + -13).
7
What is the value of -4 - ((64 - 71) + 4 + 0)?
-1
(7 - 2 - 7 - -3) + 2
3
What is the value of (9 - -25) + -46 - (-3 - 27)?
18
Evaluate 1 + (33 - 2) - ((-13 - -46) + -35).
34
What is (9 - -17) + (-38 - -30)?
18
Evaluate -20 + 2 + -178 + 154 + 8 + 2.
-32
What is 10 + -14 + (-3 - 1) - 5?
-13
24 + (-35 + 9 - 12)
-14
25 + -13 + -2 - 6
4
Evaluate (11 - (14 - -13)) + 26.
10
Evaluate (13 - (-27 - -41)) + (-2 - (-13 - -2)).
8
1 - -1 - -4 - (-5 - (-7 - -1))
5
Evaluate -118 - -106 - (-2 + -35).
25
Evaluate 1 + -9 - (28 - 4 - (-167 + 169)).
-30
What is -1 + (-1 + (6 - 5) - 3 - -7)?
3
What is 16 + -15 - (-4 - -10)?
-5
1 - (-2 - 22) - (3 + 6)
16
Evaluate -1 + (33 + -35 - (-1 - -2)) - -33.
29
What is -20 + 43 + (27 - 66)?
-16
What is (10 + -16 - -1) + 7 + -17?
-15
What is the value of (-85 - -99) + -5 + -2 - -5?
12
Evaluate (26 - (6 - -7)) + (0 - 10).
3
(3 - ((11 - 8) + -4)) + (-5 - 18)
-19
Evaluate (30 + 27 - 18) + -18.
21
1 + 10 + -325 + 331
17
Evaluate 29 + -18 + 10 + -3 - (7 - 8).
19
What is the value of (-55 - -52) + 5 + 11?
13
What is (-4 + 0 - (-23 - -20)) + 12 + 0?
11
What is the value of 10 - 15 - (10 + -19)?
4
Calculate -1 - -12 - (71 + -71) - -8.
19
Evaluate (0 - 13) + (8 + -27 - -17).
-15
What is the value of 69 + -24 + 23 + -34?
34
(3 - 0) + 3 + (-4 - -15) + -14
3
What is the value of -2 + (-7 + -2 + 7 - 0)?
-4
Calculate (-23 - -6) + -14 - -16.
-15
-10 + (-14 + 17 - -3) - -16
12
What is the value of (5 - (12 - 3)) + 1 - -10?
7
Evaluate (-546 - -496) + 25 + -1.
-26
What is (-10 - (1 + 6 + -24)) + 23?
30
Calculate 0 + (-1 - (0 + -2) - (-107 + 109)).
-1
Evaluate -15 - -4 - (-15 - -14).
-10
-12 + -3 + (17 - -2) + -8
-4
What is 5 + 0 + (33 - 31)?
7
2 + -16 + (2 + -13 - 9)
-34
-29 - (-12 + 5 + (-11 - -7) + 8)
-26
Calculate (-10 + -2 - 2) + -19 + 15 + 5.
-13
(-27 - 1) + -12 + 48
8
What is the value of (-7 + 4 - (-9 - -8)) + -3 + 0?
-5
Evaluate -714 - -698 - (0 - 18).
2
Evaluate 301 - 272 - (3 + 5).
21
What is (-6 + (7 - 0) - 10) + -3?
-12
Evaluate -12 - (-9 - ((9 - 3) + 10)).
13
(-4 - -13 - 11) + -2
-4
What is the value of -8 + (8 - (25 - (3 - -5)))?
-17
2 - (1 - 1) - (10 + 5)
-13
Evaluate -17 + 33 + (15 - 22).
9
Evaluate -2 - (9 + -13 + 6 + 4 + -15).
7
Calculate (-9 - -3) + 9 + (-18 - -12).
-3
What is -26 - -60 - 29 - 27?
-22
Calculate 1 - (11 - (-1 + 2 + 35)).
26
9 + 10 + -11 - 3 - 5
0
(-2 - -1) + ((-11 - 12) + 12 - -8)
-4
Evaluate (-1 - -7) + (-23 + 50 - 38).
-5
What is the value of 8 + (3 - (-12 + 30))?
-7
Calculate 1 + -3 + (-9 + (4 - -15) - -1).
9
What is (0 - (22 + -10 + -26)) + (-1 - 2)?
11
Calculate (6 - 8 - 2) + -9.
-13
What is -84 - (-33 - 62) - (49 + 1 + -2)?
-37
What is 13 - (6 + -2) - (3 + 4 + 5)?
-3
-29 + 18 - (-4 - 3)
-4
What is (4 - 2 - 3) + 12 + (7 - 3)?
15
Calculate (-16 - 1) + (-639 - -642).
-14
(57 - 65) + (-5 - 1)
-14
What is the value of 26 + -55 + (-1 - -29)?
-1
Calculate -30 + 12 + -15 + 21.
-12
What is the value of -20 - (13 + -16) - (3 - 2)?
-18
What is -16 + (1 - -4 - 2 - (-13 + 15))?
-15
Calculate -5 + 29 + (416 - 456).
-16
What is the value of (6 - 4 - 0) + (6 - 30 - -21)?
-1
-3 - 0 - (-53 + 50)
0
2 + (3 - 11 - 9 - -17)
2
Calculate 7 - (1 - (-6 - 8)) - -21.
13
2 + (3 - 16) + (16 - 11)
-6
Calculate -201 + 173 + 0 + 3.
-25
What is 14 + -10 + (3 - (11 - 1))?
-3
Calculate (5 - 7) + (30 - 13).
15
What is (-1 - -4) + 1 - 0 - (14 - 8)?
-2
Evaluate 2 + (3 - 3) + -11 + 19 + -9.
1
-7 - 3 - (2 - 5) - -17
10
Calculate 1 - (-2 + -6) - -4 - -8.
21
Calculate -19 + 9 - (5 + -14).
-1
What is (6 + 20 + -28 - 7) + 27?
18
-1891 + 1896 + (0 - 1 - (-1 + 9))
-4
Evaluate 0 + -2 + (25 - (58 - 22)).
-13
Evaluate 7 + (2 + (0 - 2) - 9).
-2
Calculate 105 + -102 - (8 - -1).
-6
-10 + (4 + 9 - -6) - (1 - 3)
11
What is the value of 9 + 0 + -14 + 2?
-3
Calculate (-6 - (-8 + 2 + (-17 - -18))) + 7.
6
Calculate 18 + (-50 - -10) - -20.
-2
Evaluate 1 - ((18 - 3) + -10 + 13) - -8.
-9
What is the value of -9 - (3 + (-13 + 